{"id":1721,"date":"2022-09-14T17:23:57","date_gmt":"2022-09-14T15:23:57","guid":{"rendered":"https:\/\/thairechanges.fr\/?page_id=1721"},"modified":"2022-09-14T17:29:23","modified_gmt":"2022-09-14T15:29:23","slug":"questionnaire-de-sante","status":"publish","type":"page","link":"https:\/\/thairechanges.fr\/index.php\/questionnaire-de-sante\/","title":{"rendered":"Questionnaire de sant\u00e9"},"content":{"rendered":"\n<p style=\"line-height:2.3\">Vous trouverez ci-dessous le questionnaire de sant\u00e9 qui vous permet de d\u00e9terminer si vous avez besoin ou non de fournir un certificat m\u00e9dical lors de votre renouvellement d&rsquo;adh\u00e9sion \u00e0 Thair&rsquo;\u00c9changes.<\/p>\n\n\n\n<p>Les r\u00e8gles sont les suivantes : <\/p>\n\n\n\n<p><\/p>\n\n\n\n<p><strong>Pour une premi\u00e8re adh\u00e9sion<\/strong>, vous devez fournir un certificat m\u00e9dical,<\/p>\n\n\n\n<p class=\"has-medium-font-size\" style=\"line-height:2.2\"><strong>Pour un renouvellement<\/strong>, un certificat m\u00e9dical est valable <strong>3 ans, sans restriction d&rsquo;\u00e2ge<\/strong>. Durant cette p\u00e9riode de validit\u00e9 de 3 ans, vous devez chaque ann\u00e9e remplir le questionnaire ci-dessous pour savoir si vous avez besoin de fournir un nouveau certificat m\u00e9dical ou si une simple attestation de votre part est suffisante. Si vous \u00eates dans ce dernier cas, envoyez au club l&rsquo;attestation remplie et sign\u00e9e en conservant le questionnaire que vous avez rempli.<\/p>\n\n\n\n<p><\/p>\n\n\n\n<div data-wp-interactive=\"core\/file\" class=\"wp-block-file\"><object data-wp-bind--hidden=\"!state.hasPdfPreview\" hidden class=\"wp-block-file__embed\" data=\"https:\/\/thairechanges.fr\/wp-content\/uploads\/2022\/09\/QUESTIONNAIRE-SANTE-et-ATTESTATION.pdf\" type=\"application\/pdf\" style=\"width:100%;height:600px\" aria-label=\"Contenu embarqu\u00e9 Contenu embarqu\u00e9 QUESTIONNAIRE SANTE et ATTESTATION..\"><\/object><a id=\"wp-block-file--media-c0521c9a-6605-4667-b319-c77bff9c0348\" href=\"https:\/\/thairechanges.fr\/wp-content\/uploads\/2022\/09\/QUESTIONNAIRE-SANTE-et-ATTESTATION.pdf\">QUESTIONNAIRE SANTE et ATTESTATION<\/a><a href=\"https:\/\/thairechanges.fr\/wp-content\/uploads\/2022\/09\/QUESTIONNAIRE-SANTE-et-ATTESTATION.pdf\" class=\"wp-block-file__button\" download aria-describedby=\"wp-block-file--media-c0521c9a-6605-4667-b319-c77bff9c0348\">T\u00e9l\u00e9charger<\/a><\/div>\n","protected":false},"excerpt":{"rendered":"<p>Vous trouverez ci-dessous le questionnaire de sant\u00e9 qui vous permet de d\u00e9terminer si vous avez besoin ou non de fournir un certificat m\u00e9dical lors de votre renouvellement d&rsquo;adh\u00e9sion \u00e0 Thair&rsquo;\u00c9changes. Les r\u00e8gles sont les suivantes : Pour une premi\u00e8re adh\u00e9sion, vous devez fournir un certificat m\u00e9dical, Pour un renouvellement, un certificat m\u00e9dical est valable 3 [&hellip;]<\/p>\n","protected":false},"author":2,"featured_media":0,"parent":0,"menu_order":0,"comment_status":"closed","ping_status":"closed","template":"","meta":{"site-sidebar-layout":"default","site-content-layout":"","ast-site-content-layout":"","site-content-style":"default","site-sidebar-style":"default","ast-global-header-display":"","ast-banner-title-visibility":"","ast-main-header-display":"","ast-hfb-above-header-display":"","ast-hfb-below-header-display":"","ast-hfb-mobile-header-display":"","site-post-title":"","ast-breadcrumbs-content":"","ast-featured-img":"","footer-sml-layout":"","theme-transparent-header-meta":"","adv-header-id-meta":"","stick-header-meta":"","header-above-stick-meta":"","header-main-stick-meta":"","header-below-stick-meta":"","astra-migrate-meta-layouts":"default","ast-page-background-enabled":"default","ast-page-background-meta":{"desktop":{"background-color":"var(--ast-global-color-4)","background-image":"","background-repeat":"repeat","background-position":"center center","background-size":"auto","background-attachment":"scroll","background-type":"","background-media":"","overlay-type":"","overlay-color":"","overlay-opacity":"","overlay-gradient":""},"tablet":{"background-color":"","background-image":"","background-repeat":"repeat","background-position":"center center","background-size":"auto","background-attachment":"scroll","background-type":"","background-media":"","overlay-type":"","overlay-color":"","overlay-opacity":"","overlay-gradient":""},"mobile":{"background-color":"","background-image":"","background-repeat":"repeat","background-position":"center center","background-size":"auto","background-attachment":"scroll","background-type":"","background-media":"","overlay-type":"","overlay-color":"","overlay-opacity":"","overlay-gradient":""}},"ast-content-background-meta":{"desktop":{"background-color":"var(--ast-global-color-5)","background-image":"","background-repeat":"repeat","background-position":"center center","background-size":"auto","background-attachment":"scroll","background-type":"","background-media":"","overlay-type":"","overlay-color":"","overlay-opacity":"","overlay-gradient":""},"tablet":{"background-color":"var(--ast-global-color-5)","background-image":"","background-repeat":"repeat","background-position":"center center","background-size":"auto","background-attachment":"scroll","background-type":"","background-media":"","overlay-type":"","overlay-color":"","overlay-opacity":"","overlay-gradient":""},"mobile":{"background-color":"var(--ast-global-color-5)","background-image":"","background-repeat":"repeat","background-position":"center center","background-size":"auto","background-attachment":"scroll","background-type":"","background-media":"","overlay-type":"","overlay-color":"","overlay-opacity":"","overlay-gradient":""}},"footnotes":""},"categories":[],"tags":[],"class_list":["post-1721","page","type-page","status-publish","hentry"],"_links":{"self":[{"href":"https:\/\/thairechanges.fr\/index.php\/wp-json\/wp\/v2\/pages\/1721","targetHints":{"allow":["GET"]}}],"collection":[{"href":"https:\/\/thairechanges.fr\/index.php\/wp-json\/wp\/v2\/pages"}],"about":[{"href":"https:\/\/thairechanges.fr\/index.php\/wp-json\/wp\/v2\/types\/page"}],"author":[{"embeddable":true,"href":"https:\/\/thairechanges.fr\/index.php\/wp-json\/wp\/v2\/users\/2"}],"replies":[{"embeddable":true,"href":"https:\/\/thairechanges.fr\/index.php\/wp-json\/wp\/v2\/comments?post=1721"}],"version-history":[{"count":2,"href":"https:\/\/thairechanges.fr\/index.php\/wp-json\/wp\/v2\/pages\/1721\/revisions"}],"predecessor-version":[{"id":1728,"href":"https:\/\/thairechanges.fr\/index.php\/wp-json\/wp\/v2\/pages\/1721\/revisions\/1728"}],"wp:attachment":[{"href":"https:\/\/thairechanges.fr\/index.php\/wp-json\/wp\/v2\/media?parent=1721"}],"wp:term":[{"taxonomy":"category","embeddable":true,"href":"https:\/\/thairechanges.fr\/index.php\/wp-json\/wp\/v2\/categories?post=1721"},{"taxonomy":"post_tag","embeddable":true,"href":"https:\/\/thairechanges.fr\/index.php\/wp-json\/wp\/v2\/tags?post=1721"}],"curies":[{"name":"wp","href":"https:\/\/api.w.org\/{rel}","templated":true}]}}